d - 10 + 1 = p*w, -12 = -3*d + 2*w. What are the prime factors of d?
2, 3
Let z = -598 - -1153. Suppose 6*b - 561 = z. What are the prime factors of b?
2, 3, 31
Let d = 119 - 109. What are the prime factors of (-8)/(-10) - -6*147/d?
89
Let t(f) be the first derivative of f**3/3 - f**2/2 + 4*f + 1. Let h be (-4)/(-1 - 0) + (-152)/19. List the prime factors of t(h).
2, 3
Let i = -2 - -18. Suppose 90 = i*z - 11*z. What are the prime factors of z?
2, 3
Suppose 5*l - 908 = 267. What are the prime factors of l?
5, 47
Suppose 0 = 8*n - 66 + 10. Suppose 0 = 9*v - n*v - 10. List the prime factors of v.
5
Let t be (20/10)/(2/8). List the prime factors of (-468)/(-33) + t/(-44).
2, 7
Let l(w) be the third derivative of -w**6/120 - w**5/10 - w**4/24 + 7*w**3/6 - 5*w**2. Let y be l(-6). Suppose y*z = 18*z - 255. List the prime factors of z.
3, 17
Suppose -b = r + 3, -r - 15 = 5*b - 0*r. What are the prime factors of 1 - (-1)/(b/(-315))?
2, 53
Let c be (0 - 1)/1 + 1. Let x be 92/16 + -1 + 5/20. Suppose -3*m - 3*h + 0*h + 84 = 0, c = -x*h + 10. What are the prime factors of m?
2, 13
Suppose -29*k + 904 = -72524. List the prime factors of k.
2, 3, 211
Let o(k) = 34*k**3 + k**2 + 21*k - 30. What are the prime factors of o(4)?
2, 1123
Suppose -x = 3*x - 348. Let u(f) = -85 + 0*f + x + 4*f. List the prime factors of u(3).
2, 7
Let f = -41 - -26. Let d = -9 - f. Suppose s = h - 7, 2*h + d = 5*s + 26. What are the prime factors of h?
5
Suppose 3*t - 3 = -3*j, -4*t - 63 = -4*j - 27. Suppose 2*n + 9 = j*i, 2*n - 24 = -4*i - 2*n. Suppose -i*v - 72 = -5*v. What are the prime factors of v?
2, 3
Let b(w) = w**3 + 4*w**2 - 12*w + 15. Let h(d) = -d**3 - 4*d**2 + 12*d - 16. Let y(x) = -4*b(x) - 3*h(x). List the prime factors of y(-8).
2, 37
Suppose 31*m = 5336 + 45969. List the prime factors of m.
5, 331
Let p(o) = 16*o**2 - 121*o - 2. List the prime factors of p(15).
1783
Let w(f) = f**2 - 4*f + 2. Let t be w(2). Let y = t + 3. Suppose 3*d + y - 64 = 0. List the prime factors of d.
3, 7
Suppose 2*i - 2 = -2*l, -9*l + 6*l = -4*i + 11. Let g = -2 + -1. What are the prime factors of l*g/((-12)/(-100))?
5
Let r(y) = -y**2 - 21*y + 3. Let m be 56/(-6) - 0 - (-4)/(-6). List the prime factors of r(m).
113
Suppose 8 = 3*y + 2*r, 5*y - r - 5 = -6*r. Suppose 3*q + q = -3*f - 2, 3*f = -2*q - 10. What are the prime factors of 148/f*(-9)/y?
37
Suppose 8 = -5*a + 33. Let r be -3 - (0 - a) - -1. List the prime factors of 10/(r - 11/4).
2, 5
Suppose 0 = 4*k - 8 - 44. Let p = 9 - k. List the prime factors of (p/10)/(10/(-850)).
2, 17
Suppose 22582 = 3243*a - 3236*a. List the prime factors of a.
2, 1613
Let f = 7586 - 2161. What are the prime factors of f?
5, 7, 31
Suppose h - 5*y - 343 = 0, 4*y = -4*h + 1212 + 256. List the prime factors of h.
3, 11
Let i(m) = m**2 + 13*m + 25. Suppose w - 2 = -13. What are the prime factors of i(w)?
3
Let w(j) = 16*j - 10. Let y(g) = -5*g + 3. Let q(r) = -6*w(r) - 20*y(r). What are the prime factors of q(7)?
2, 7
Let j(n) = -n**2 - n + 2. Let p be j(0). Suppose 2*r = -p*r. Suppose 5*m = 3*u - r*u - 7, -5*u + 49 = m. What are the prime factors of u?
3
Let t be (6 - 6)/(1 - 0). Suppose -6*n + 45 - 9 = t. List the prime factors of n.
2, 3
Let z be (-2)/4 - 253/22. List the prime factors of 410/8 - 9/z.
2, 13
Let c be (-1 - 4/6)*-3. Suppose -6 = c*m - 1. Let h(a) = -29*a + 1. What are the prime factors of h(m)?
2, 3, 5
Let x be (-40)/(-100) + 64/(-10)*1. Let o(g) = 4*g**3 - 7*g**2 - 5*g**3 - 7*g + 0*g. What are the prime factors of o(x)?
2, 3
What are the prime factors of 11/(11/6) + -6 + 781?
11, 71
Suppose 5*o - 6*o + 3206 = 0. Suppose -o = -9*j - 5*j. What are the prime factors of j?
229
List the prime factors of -5 + (-51)/(-34) + (-974)/(-4).
2, 3, 5
Let t(x) = 76*x**2 + 10*x - 6. What are the prime factors of t(3)?
2, 3, 59
Suppose 5*w - 11640 = 3*t, -w + 0*t - 2*t = -2315. List the prime factors of w.
3, 5, 31
Let i be (1 - (-1)/2)*124/(-6). Let b = -14 - i. What are the prime factors of b?
17
Let r = -2164 - -4588. List the prime factors of r.
2, 3, 101
Let v be -2*1 - (-7 + 2). Let k = 4 + 11. List the prime factors of (k/1)/(v/2).
2, 5
Suppose 7*i - 2*i = 755. Suppose 4*u - k - i = 0, -k = 2*u - 66 - 5. Suppose u = -5*r + 212. What are the prime factors of r?
5, 7
Suppose -2*i + 15 = 1. Let v(j) be the first derivative of -j**3/3 + 7*j**2/2 + 6*j - 2. What are the prime factors of v(i)?
2, 3
Let h(b) = 15*b - 1. Suppose 6 = 5*k - 9. Suppose 6*c = k*c + 3. List the prime factors of h(c).
2, 7
Suppose i = 4*i + 3. Suppose 0 = 5*p + 172 - 457. List the prime factors of (-3)/(-1) + (p - i).
61
Suppose 4*o + 208 = -k, 2*o + 4*k = -15 - 89. Suppose 0*z - 2*n - 276 = -3*z, z + 4*n = 106. Let b = z + o. List the prime factors of b.
2, 3, 7
Suppose -2*a - 526 = -2380. Suppose 2*l = -s - 0*s + 369, 5*l + s - a = 0. List the prime factors of l.
2, 3, 31
Let b = -14 - -10. Let t(f) = -11*f**2 + 7*f + 6. Let a be t(b). What are the prime factors of 10/4*a/(-15)?
3, 11
Suppose -u + 290 = 5*a + 4*u, 2*a - 116 = 2*u. Let v(i) = i**3 + 8*i**2 + 4. Let b be v(-8). Suppose -3*g = b - a. What are the prime factors of g?
2, 3
Let u(x) = -5*x**3 - 16*x**2 + 9*x + 6. List the prime factors of u(-7).
2, 19, 23
Let o(q) = 111*q**2 - 15*q + 18. List the prime factors of o(-3).
2, 3, 59
Let y be 6/6 + (0 - 0). Suppose 3*z = 3*m + y + 5, -m - 22 = -5*z. Let a(s) = s**3 - 4*s**2 - 7. What are the prime factors of a(z)?
2, 3
List the prime factors of (-1)/(-4)*20 + -1 + 268.
2, 17
Suppose -106*u + 62947 = -115133. List the prime factors of u.
2, 3, 5, 7
Suppose l + 967 + 429 = 2*q, -4*q + 2820 = 5*l. What are the prime factors of q?
2, 5, 7
Let b = -48 + 31. Let w = b + 170. What are the prime factors of w?
3, 17
Let b = -2704 - -4544. List the prime factors of b.
2, 5, 23
Suppose 5*a - 2*v - 10 = 0, 4*v + 14 = 5*a - 6. Suppose a = -l + 129 - 15. List the prime factors of l.
2, 3, 19
Let k(s) = 5*s**2 + 10*s - 15. Let b be 6/(-2) - (12 - 17). What are the prime factors of k(b)?
5
Let y = -66 + 120. Let f(j) = 8*j - 29. Let r be f(7). Let n = y - r. List the prime factors of n.
3
Suppose 0 = -9*l + 4*l - x + 1736, -x - 352 = -l. Let q = 504 - l. What are the prime factors of q?
2, 3, 13
Let n(o) = 8*o + 4. Let f be n(-2). Let t(p) = -p + 7. What are the prime factors of t(f)?
19
Let q(p) = 42*p**3 + 20*p**2 - 4*p - 6. What are the prime factors of q(4)?
2, 1493
Let r(a) = -8*a**2 + 6*a - 2. Let o be r(-5). What are the prime factors of (-18)/(-12)*o/(-6)?
2, 29
Let r(l) = -l**2 - 9*l + 9. Let i be r(-9). What are the prime factors of (-5845)/(-63) - (-2)/i?
3, 31
Suppose 0*y + 102 = 3*y. Let j(i) = i**3 - 6*i**2 - 9*i - 6. Let c be j(7). Let q = c + y. What are the prime factors of q?
2, 7
Let s(h) = 1973*h**2 - 26*h - 26. List the prime factors of s(-1).
1973
Suppose -1923 = 7*y - 6277. List the prime factors of y.
2, 311
Suppose -4*c - 7 - 9 = 0. Let s = c - -8. What are the prime factors of (3/s)/((-11)/(-308))?
3, 7
Let r(b) = -b**2 + 17*b + 1. Let g be r(16). Let d = g - 13. Suppose 3*p = d*x - 100, -x + 4*x + 5*p = 75. What are the prime factors of x?
5
Suppose -5*c + 719 = -11281. List the prime factors of c.
2, 3, 5
Let n = -27 - -25. Let h be 2334/15 + n/(-5). Let d = -94 + h. What are the prime factors of d?
2, 31
Let k = -81 + 128. List the prime factors of k.
47
List the prime factors of (-16128)/(-52) + ((-424)/52 - -8).
2, 5, 31
Suppose 2142 = 5*b - 2123. What are the prime factors of b?
853
Let h = -177 + 304. Suppose -5*f = -557 + h. What are the prime factors of f?
2, 43
Suppose 5*y - 4443 = -m, 6*y + 2661 = 9*y + 3*m. List the prime factors of y.
7, 127
Let j(x) = 2*x**2 + x + 33. Let c = -26 + 30. Suppose 0 = -c*y + 9*y. What are the prime factors of j(y)?
3, 11
Let a be -2 + -4 + 2 - -6. Suppose 3*h = -5*s + s + 791, -5*s = -a*h + 512. What are the prime factors of h?
3, 29
Let i = -1174 + 2638. List the prime factors of i.
2, 3, 61
Suppose 6 = 3*m, 4*d + 2*m + 44 = 4*m. Let b(w) = w. Let j(g) = -7*g - 20. Let z(n) = -2*b(n) + j(n). What are the prime factors of z(d)?
2, 5, 7
Suppose 1589 = 9*n - 2*n. What are the prime factors of n?
227
Suppose -19 = -9*z + 8*z. What are the prime factors of z?
19
Let p(o) = o**3 + 30*o**2 - 12*o + 68. What are the prim